{"id":610,"date":"2025-03-13T15:45:07","date_gmt":"2025-03-13T21:45:07","guid":{"rendered":"https:\/\/bristellaircrafttexas.com\/?page_id=610"},"modified":"2025-03-19T09:32:09","modified_gmt":"2025-03-19T15:32:09","slug":"airplane-options","status":"publish","type":"page","link":"https:\/\/bristellaircrafttexas.com\/esp\/airplane-options\/","title":{"rendered":"Airplane Options"},"content":{"rendered":"<div data-elementor-type=\"wp-page\" data-elementor-id=\"610\" class=\"elementor elementor-610\" data-elementor-post-type=\"page\">\n\t\t\t\t<div class=\"elementor-element elementor-element-425b466 e-flex e-con-boxed e-con e-parent\" data-id=\"425b466\" data-element_type=\"container\" data-settings=\"{&quot;background_background&quot;:&quot;classic&quot;}\">\n\t\t\t\t\t<div class=\"e-con-inner\">\n\t\t\t\t<div class=\"elementor-element elementor-element-d58f625 elementor-widget elementor-widget-heading\" data-id=\"d58f625\" data-element_type=\"widget\" data-widget_type=\"heading.default\">\n\t\t\t\t<div class=\"elementor-widget-container\">\n\t\t\t\t\t<h2 class=\"elementor-heading-title elementor-size-default\">Opciones<\/h2>\t\t\t\t<\/div>\n\t\t\t\t<\/div>\n\t\t\t\t\t<\/div>\n\t\t\t\t<\/div>\n\t\t<div class=\"elementor-element elementor-element-f7cf311 e-flex e-con-boxed e-con e-parent\" data-id=\"f7cf311\" data-element_type=\"container\">\n\t\t\t\t\t<div class=\"e-con-inner\">\n\t\t<div class=\"elementor-element elementor-element-811f0a1 e-con-full e-flex e-con e-child\" data-id=\"811f0a1\" data-element_type=\"container\">\n\t\t\t\t<div class=\"elementor-element elementor-element-f6b94f4 elementor-position-top elementor-widget elementor-widget-image-box\" data-id=\"f6b94f4\" data-element_type=\"widget\" data-widget_type=\"image-box.default\">\n\t\t\t\t<div class=\"elementor-widget-container\">\n\t\t\t\t\t<div class=\"elementor-image-box-wrapper\"><figure class=\"elementor-image-box-img\"><img decoding=\"async\" src=\"https:\/\/www.bristell.com\/wp-content\/uploads\/2021\/02\/options-bush-wheels-1.jpg\" title=\"\" alt=\"\" loading=\"lazy\" \/><\/figure><div class=\"elementor-image-box-content\"><h3 class=\"elementor-image-box-title\">BERINGER\u2122 bush ruedas<\/h3><p class=\"elementor-image-box-description\">La tierra en cualquier lugar<\/p><\/div><\/div>\t\t\t\t<\/div>\n\t\t\t\t<\/div>\n\t\t\t\t<\/div>\n\t\t<div class=\"elementor-element elementor-element-aef7cae e-con-full e-flex e-con e-child\" data-id=\"aef7cae\" data-element_type=\"container\">\n\t\t\t\t<div class=\"elementor-element elementor-element-d3c72af elementor-position-top elementor-widget elementor-widget-image-box\" data-id=\"d3c72af\" data-element_type=\"widget\" data-widget_type=\"image-box.default\">\n\t\t\t\t<div class=\"elementor-widget-container\">\n\t\t\t\t\t<div class=\"elementor-image-box-wrapper\"><figure class=\"elementor-image-box-img\"><img decoding=\"async\" src=\"https:\/\/www.bristell.com\/wp-content\/uploads\/2021\/02\/bristell-features-interior-01.jpg\" title=\"\" alt=\"\" loading=\"lazy\" \/><\/figure><div class=\"elementor-image-box-content\"><h3 class=\"elementor-image-box-title\">GARMIN G3X Touch\u2122 pantallas de vuelo<\/h3><p class=\"elementor-image-box-description\">Con el piloto autom\u00e1tico\n\n<\/p><\/div><\/div>\t\t\t\t<\/div>\n\t\t\t\t<\/div>\n\t\t\t\t<\/div>\n\t\t<div class=\"elementor-element elementor-element-795eb42 e-con-full e-flex e-con e-child\" data-id=\"795eb42\" data-element_type=\"container\">\n\t\t\t\t<div class=\"elementor-element elementor-element-cd3b481 elementor-position-top elementor-widget elementor-widget-image-box\" data-id=\"cd3b481\" data-element_type=\"widget\" data-widget_type=\"image-box.default\">\n\t\t\t\t<div class=\"elementor-widget-container\">\n\t\t\t\t\t<div class=\"elementor-image-box-wrapper\"><figure class=\"elementor-image-box-img\"><img decoding=\"async\" src=\"https:\/\/www.bristell.com\/wp-content\/uploads\/2021\/03\/options-03-landing-lights.jpg\" title=\"\" alt=\"\" loading=\"lazy\" \/><\/figure><div class=\"elementor-image-box-content\"><h3 class=\"elementor-image-box-title\">Luces de aterrizaje<\/h3><p class=\"elementor-image-box-description\">Visible en todo momento\n\n<\/p><\/div><\/div>\t\t\t\t<\/div>\n\t\t\t\t<\/div>\n\t\t\t\t<\/div>\n\t\t<div class=\"elementor-element elementor-element-4c5505d e-con-full e-flex e-con e-child\" data-id=\"4c5505d\" data-element_type=\"container\">\n\t\t\t\t<div class=\"elementor-element elementor-element-1829bc7 elementor-position-top elementor-widget elementor-widget-image-box\" data-id=\"1829bc7\" data-element_type=\"widget\" data-widget_type=\"image-box.default\">\n\t\t\t\t<div class=\"elementor-widget-container\">\n\t\t\t\t\t<div class=\"elementor-image-box-wrapper\"><figure class=\"elementor-image-box-img\"><img decoding=\"async\" src=\"https:\/\/www.bristell.com\/wp-content\/uploads\/2021\/02\/options-02-1.jpg\" title=\"\" alt=\"\" loading=\"lazy\" \/><\/figure><div class=\"elementor-image-box-content\"><h3 class=\"elementor-image-box-title\">Ajustable de la h\u00e9lice<\/h3><p class=\"elementor-image-box-description\">Para un rendimiento \u00f3ptimo<\/p><\/div><\/div>\t\t\t\t<\/div>\n\t\t\t\t<\/div>\n\t\t\t\t<\/div>\n\t\t\t\t\t<\/div>\n\t\t\t\t<\/div>\n\t\t<div class=\"elementor-element elementor-element-44b9ebf e-flex e-con-boxed e-con e-parent\" data-id=\"44b9ebf\" data-element_type=\"container\">\n\t\t\t\t\t<div class=\"e-con-inner\">\n\t\t<div class=\"elementor-element elementor-element-fd056e7 e-con-full e-flex e-con e-child\" data-id=\"fd056e7\" data-element_type=\"container\">\n\t\t\t\t<div class=\"elementor-element elementor-element-049cab7 elementor-position-top elementor-widget elementor-widget-image-box\" data-id=\"049cab7\" data-element_type=\"widget\" data-widget_type=\"image-box.default\">\n\t\t\t\t<div class=\"elementor-widget-container\">\n\t\t\t\t\t<div class=\"elementor-image-box-wrapper\"><figure class=\"elementor-image-box-img\"><img decoding=\"async\" src=\"https:\/\/www.bristell.com\/wp-content\/uploads\/2021\/02\/options-06-1.jpg\" title=\"\" alt=\"\" loading=\"lazy\" \/><\/figure><div class=\"elementor-image-box-content\"><h3 class=\"elementor-image-box-title\">Equipo de remolque<\/h3><p class=\"elementor-image-box-description\">Impresionante rendimiento\n\n<\/p><\/div><\/div>\t\t\t\t<\/div>\n\t\t\t\t<\/div>\n\t\t\t\t<\/div>\n\t\t<div class=\"elementor-element elementor-element-4ed2fd6 e-con-full e-flex e-con e-child\" data-id=\"4ed2fd6\" data-element_type=\"container\">\n\t\t\t\t<div class=\"elementor-element elementor-element-5d1bd22 elementor-position-top elementor-widget elementor-widget-image-box\" data-id=\"5d1bd22\" data-element_type=\"widget\" data-widget_type=\"image-box.default\">\n\t\t\t\t<div class=\"elementor-widget-container\">\n\t\t\t\t\t<div class=\"elementor-image-box-wrapper\"><figure class=\"elementor-image-box-img\"><img decoding=\"async\" src=\"https:\/\/www.bristell.com\/wp-content\/uploads\/2021\/03\/options-0101.jpg\" title=\"\" alt=\"\" loading=\"lazy\" \/><\/figure><div class=\"elementor-image-box-content\"><h3 class=\"elementor-image-box-title\">Ventanas correderas<\/h3><p class=\"elementor-image-box-description\">Ideal ventilaci\u00f3n\n\n<\/p><\/div><\/div>\t\t\t\t<\/div>\n\t\t\t\t<\/div>\n\t\t\t\t<\/div>\n\t\t<div class=\"elementor-element elementor-element-c66bd5a e-con-full e-flex e-con e-child\" data-id=\"c66bd5a\" data-element_type=\"container\">\n\t\t\t\t<div class=\"elementor-element elementor-element-46e8a1b elementor-position-top elementor-widget elementor-widget-image-box\" data-id=\"46e8a1b\" data-element_type=\"widget\" data-widget_type=\"image-box.default\">\n\t\t\t\t<div class=\"elementor-widget-container\">\n\t\t\t\t\t<div class=\"elementor-image-box-wrapper\"><figure class=\"elementor-image-box-img\"><img decoding=\"async\" src=\"https:\/\/www.bristell.com\/wp-content\/uploads\/2021\/03\/options-07-autopilot-1.jpg\" title=\"\" alt=\"\" loading=\"lazy\" \/><\/figure><div class=\"elementor-image-box-content\"><h3 class=\"elementor-image-box-title\">Piloto autom\u00e1tico<\/h3><p class=\"elementor-image-box-description\">Para los vuelos largos\n\n<\/p><\/div><\/div>\t\t\t\t<\/div>\n\t\t\t\t<\/div>\n\t\t\t\t<\/div>\n\t\t<div class=\"elementor-element elementor-element-e67ba8c e-con-full e-flex e-con e-child\" data-id=\"e67ba8c\" data-element_type=\"container\">\n\t\t\t\t<div class=\"elementor-element elementor-element-ec071a9 elementor-position-top elementor-widget elementor-widget-image-box\" data-id=\"ec071a9\" data-element_type=\"widget\" data-widget_type=\"image-box.default\">\n\t\t\t\t<div class=\"elementor-widget-container\">\n\t\t\t\t\t<div class=\"elementor-image-box-wrapper\"><figure class=\"elementor-image-box-img\"><img decoding=\"async\" src=\"https:\/\/www.bristell.com\/wp-content\/uploads\/2021\/03\/options-05-wings-luggage-compartment.jpg\" title=\"\" alt=\"\" loading=\"lazy\" \/><\/figure><div class=\"elementor-image-box-content\"><h3 class=\"elementor-image-box-title\">Alas compartimiento de equipaje<\/h3><p class=\"elementor-image-box-description\">Alas compartimiento de equipaje\n<\/p><\/div><\/div>\t\t\t\t<\/div>\n\t\t\t\t<\/div>\n\t\t\t\t<\/div>\n\t\t\t\t\t<\/div>\n\t\t\t\t<\/div>\n\t\t<div class=\"elementor-element elementor-element-61a79bb e-flex e-con-boxed e-con e-parent\" data-id=\"61a79bb\" data-element_type=\"container\">\n\t\t\t\t\t<div class=\"e-con-inner\">\n\t\t<div class=\"elementor-element elementor-element-9708642 e-con-full e-flex e-con e-child\" data-id=\"9708642\" data-element_type=\"container\">\n\t\t\t\t<div class=\"elementor-element elementor-element-9623b4c elementor-position-top elementor-widget elementor-widget-image-box\" data-id=\"9623b4c\" data-element_type=\"widget\" data-widget_type=\"image-box.default\">\n\t\t\t\t<div class=\"elementor-widget-container\">\n\t\t\t\t\t<div class=\"elementor-image-box-wrapper\"><figure class=\"elementor-image-box-img\"><img decoding=\"async\" src=\"https:\/\/www.bristell.com\/wp-content\/uploads\/2021\/03\/options-04-heated-pitot-tube.jpg\" title=\"\" alt=\"\" loading=\"lazy\" \/><\/figure><div class=\"elementor-image-box-content\"><h3 class=\"elementor-image-box-title\">Calienta tubo de pitot + AOA<\/h3><p class=\"elementor-image-box-description\">AOA advertencia en el mal tiempo\n\n<\/p><\/div><\/div>\t\t\t\t<\/div>\n\t\t\t\t<\/div>\n\t\t\t\t<\/div>\n\t\t<div class=\"elementor-element elementor-element-2b312c5 e-con-full e-flex e-con e-child\" data-id=\"2b312c5\" data-element_type=\"container\">\n\t\t\t\t<div class=\"elementor-element elementor-element-b6e0aa1 elementor-position-top elementor-widget elementor-widget-image-box\" data-id=\"b6e0aa1\" data-element_type=\"widget\" data-widget_type=\"image-box.default\">\n\t\t\t\t<div class=\"elementor-widget-container\">\n\t\t\t\t\t<div class=\"elementor-image-box-wrapper\"><figure class=\"elementor-image-box-img\"><img decoding=\"async\" src=\"https:\/\/www.bristell.com\/wp-content\/uploads\/2021\/02\/options-08-1.jpg\" title=\"\" alt=\"\" loading=\"lazy\" \/><\/figure><div class=\"elementor-image-box-content\"><h3 class=\"elementor-image-box-title\">Ruedas del tren de aterrizaje<\/h3><p class=\"elementor-image-box-description\">M\u00e1s variantes de los trenes de aterrizaje\n\n<\/p><\/div><\/div>\t\t\t\t<\/div>\n\t\t\t\t<\/div>\n\t\t\t\t<\/div>\n\t\t<div class=\"elementor-element elementor-element-aa7b6c6 e-con-full e-flex e-con e-child\" data-id=\"aa7b6c6\" data-element_type=\"container\">\n\t\t\t\t<div class=\"elementor-element elementor-element-58bcaa8 elementor-position-top elementor-widget elementor-widget-image-box\" data-id=\"58bcaa8\" data-element_type=\"widget\" data-widget_type=\"image-box.default\">\n\t\t\t\t<div class=\"elementor-widget-container\">\n\t\t\t\t\t<div class=\"elementor-image-box-wrapper\"><figure class=\"elementor-image-box-img\"><img decoding=\"async\" src=\"https:\/\/www.bristell.com\/wp-content\/uploads\/2021\/03\/options-09-rescue-system.jpg\" title=\"\" alt=\"\" loading=\"lazy\" \/><\/figure><div class=\"elementor-image-box-content\"><h3 class=\"elementor-image-box-title\">Sistema de rescate<\/h3><p class=\"elementor-image-box-description\">Para su seguridad\n\n<\/p><\/div><\/div>\t\t\t\t<\/div>\n\t\t\t\t<\/div>\n\t\t\t\t<\/div>\n\t\t<div class=\"elementor-element elementor-element-f175c80 e-con-full e-flex e-con e-child\" data-id=\"f175c80\" data-element_type=\"container\">\n\t\t\t\t<div class=\"elementor-element elementor-element-7ec20fa elementor-position-top elementor-widget elementor-widget-image-box\" data-id=\"7ec20fa\" data-element_type=\"widget\" data-widget_type=\"image-box.default\">\n\t\t\t\t<div class=\"elementor-widget-container\">\n\t\t\t\t\t<div class=\"elementor-image-box-wrapper\"><figure class=\"elementor-image-box-img\"><img decoding=\"async\" src=\"https:\/\/www.bristell.com\/wp-content\/uploads\/2021\/02\/options-10-tail-skid-1.jpg\" title=\"\" alt=\"\" loading=\"lazy\" \/><\/figure><div class=\"elementor-image-box-content\"><h3 class=\"elementor-image-box-title\">Pat\u00edn de cola<\/h3><p class=\"elementor-image-box-description\">Apoyo para la cola\n\n<\/p><\/div><\/div>\t\t\t\t<\/div>\n\t\t\t\t<\/div>\n\t\t\t\t<\/div>\n\t\t\t\t\t<\/div>\n\t\t\t\t<\/div>\n\t\t<div class=\"elementor-element elementor-element-8aa6cc0 e-flex e-con-boxed e-con e-parent\" data-id=\"8aa6cc0\" data-element_type=\"container\">\n\t\t\t\t\t<div class=\"e-con-inner\">\n\t\t<div class=\"elementor-element elementor-element-0a48498 e-con-full e-flex e-con e-child\" data-id=\"0a48498\" data-element_type=\"container\">\n\t\t\t\t<div class=\"elementor-element elementor-element-4a456f9 elementor-position-top elementor-widget elementor-widget-image-box\" data-id=\"4a456f9\" data-element_type=\"widget\" data-widget_type=\"image-box.default\">\n\t\t\t\t<div class=\"elementor-widget-container\">\n\t\t\t\t\t<div class=\"elementor-image-box-wrapper\"><figure class=\"elementor-image-box-img\"><img decoding=\"async\" src=\"https:\/\/www.bristell.com\/wp-content\/uploads\/2021\/03\/options-11-rotax-915.jpg\" title=\"\" alt=\"\" loading=\"lazy\" \/><\/figure><div class=\"elementor-image-box-content\"><h3 class=\"elementor-image-box-title\">Rotax 915 es motor Turbo<\/h3><p class=\"elementor-image-box-description\">Mejor relaci\u00f3n potencia \/ peso\n\n<\/p><\/div><\/div>\t\t\t\t<\/div>\n\t\t\t\t<\/div>\n\t\t\t\t<\/div>\n\t\t<div class=\"elementor-element elementor-element-2ff3e6d e-con-full e-flex e-con e-child\" data-id=\"2ff3e6d\" data-element_type=\"container\">\n\t\t\t\t<div class=\"elementor-element elementor-element-dfb8ab7 elementor-position-top elementor-widget elementor-widget-image-box\" data-id=\"dfb8ab7\" data-element_type=\"widget\" data-widget_type=\"image-box.default\">\n\t\t\t\t<div class=\"elementor-widget-container\">\n\t\t\t\t\t<div class=\"elementor-image-box-wrapper\"><figure class=\"elementor-image-box-img\"><img decoding=\"async\" src=\"https:\/\/www.bristell.com\/wp-content\/uploads\/2021\/03\/options-12-tie-down-hook.jpg\" title=\"\" alt=\"\" loading=\"lazy\" \/><\/figure><div class=\"elementor-image-box-content\"><h3 class=\"elementor-image-box-title\">Ate el gancho<\/h3><p class=\"elementor-image-box-description\">Atar el plano de la tierra\n\n<\/p><\/div><\/div>\t\t\t\t<\/div>\n\t\t\t\t<\/div>\n\t\t\t\t<\/div>\n\t\t<div class=\"elementor-element elementor-element-b085fe8 e-con-full e-flex e-con e-child\" data-id=\"b085fe8\" data-element_type=\"container\">\n\t\t\t\t<div class=\"elementor-element elementor-element-ad9e978 elementor-position-top elementor-widget elementor-widget-image-box\" data-id=\"ad9e978\" data-element_type=\"widget\" data-widget_type=\"image-box.default\">\n\t\t\t\t<div class=\"elementor-widget-container\">\n\t\t\t\t\t<div class=\"elementor-image-box-wrapper\"><figure class=\"elementor-image-box-img\"><img decoding=\"async\" src=\"https:\/\/www.bristell.com\/wp-content\/uploads\/2021\/03\/options-13-luggage-compartment.jpg\" title=\"\" alt=\"\" loading=\"lazy\" \/><\/figure><div class=\"elementor-image-box-content\"><h3 class=\"elementor-image-box-title\">Compartimiento de equipaje detr\u00e1s de los asientos<\/h3><p class=\"elementor-image-box-description\">Espacio para su equipaje\n\n<\/p><\/div><\/div>\t\t\t\t<\/div>\n\t\t\t\t<\/div>\n\t\t\t\t<\/div>\n\t\t<div class=\"elementor-element elementor-element-88a6632 e-con-full e-flex e-con e-child\" data-id=\"88a6632\" data-element_type=\"container\">\n\t\t\t\t<\/div>\n\t\t\t\t\t<\/div>\n\t\t\t\t<\/div>\n\t\t<div class=\"elementor-element elementor-element-f0b8b4f e-con-full e-flex e-con e-parent\" data-id=\"f0b8b4f\" data-element_type=\"container\">\n\t\t\t\t<div class=\"elementor-element elementor-element-7cd3304 elementor-widget elementor-widget-heading\" data-id=\"7cd3304\" data-element_type=\"widget\" data-widget_type=\"heading.default\">\n\t\t\t\t<div class=\"elementor-widget-container\">\n\t\t\t\t\t<h3 class=\"elementor-heading-title elementor-size-default\">\u00daLTIMAS NOTICIAS DE BRISTELL\n<\/h3>\t\t\t\t<\/div>\n\t\t\t\t<\/div>\n\t\t\t\t<div class=\"elementor-element elementor-element-09545b0 elementor-grid-4 elementor-posts--align-center elementor-grid-tablet-2 elementor-grid-mobile-1 elementor-posts--thumbnail-top elementor-card-shadow-yes elementor-posts__hover-gradient elementor-widget elementor-widget-posts\" data-id=\"09545b0\" data-element_type=\"widget\" data-settings=\"{&quot;cards_columns&quot;:&quot;4&quot;,&quot;cards_columns_tablet&quot;:&quot;2&quot;,&quot;cards_columns_mobile&quot;:&quot;1&quot;,&quot;cards_row_gap&quot;:{&quot;unit&quot;:&quot;px&quot;,&quot;size&quot;:35,&quot;sizes&quot;:[]},&quot;cards_row_gap_tablet&quot;:{&quot;unit&quot;:&quot;px&quot;,&quot;size&quot;:&quot;&quot;,&quot;sizes&quot;:[]},&quot;cards_row_gap_mobile&quot;:{&quot;unit&quot;:&quot;px&quot;,&quot;size&quot;:&quot;&quot;,&quot;sizes&quot;:[]}}\" data-widget_type=\"posts.cards\">\n\t\t\t\t<div class=\"elementor-widget-container\">\n\t\t\t\t\t\t\t<div class=\"elementor-posts-container elementor-posts elementor-posts--skin-cards elementor-grid\">\n\t\t\t\t<article class=\"elementor-post elementor-grid-item post-127 post type-post status-publish format-standard has-post-thumbnail hentry category-news category-news-media\">\n\t\t\t<div class=\"elementor-post__card\">\n\t\t\t\t<a class=\"elementor-post__thumbnail__link\" href=\"https:\/\/bristellaircrafttexas.com\/esp\/bristell-b23-912-is-shaping-the-future-of-general-aviation-with-efficiency-and-innovation\/\" tabindex=\"-1\" ><div class=\"elementor-post__thumbnail\"><img fetchpriority=\"high\" decoding=\"async\" width=\"1200\" height=\"800\" src=\"https:\/\/bristellaircrafttexas.com\/wp-content\/uploads\/2025\/03\/bristell-250218-b23-912is-06.jpg\" class=\"attachment-full size-full wp-image-133\" alt=\"\" srcset=\"https:\/\/bristellaircrafttexas.com\/wp-content\/uploads\/2025\/03\/bristell-250218-b23-912is-06.jpg 1200w, https:\/\/bristellaircrafttexas.com\/wp-content\/uploads\/2025\/03\/bristell-250218-b23-912is-06-300x200.jpg 300w, https:\/\/bristellaircrafttexas.com\/wp-content\/uploads\/2025\/03\/bristell-250218-b23-912is-06-1024x683.jpg 1024w, https:\/\/bristellaircrafttexas.com\/wp-content\/uploads\/2025\/03\/bristell-250218-b23-912is-06-768x512.jpg 768w\" sizes=\"(max-width: 1200px) 100vw, 1200px\" \/><\/div><\/a>\n\t\t\t\t<div class=\"elementor-post__badge\">Noticias<\/div>\n\t\t\t\t<div class=\"elementor-post__text\">\n\t\t\t\t<h3 class=\"elementor-post__title\">\n\t\t\t<a href=\"https:\/\/bristellaircrafttexas.com\/esp\/bristell-b23-912-is-shaping-the-future-of-general-aviation-with-efficiency-and-innovation\/\" >\n\t\t\t\tBristell B23-912 is: dando forma al Futuro de la Aviaci\u00f3n General con la Eficiencia y la Innovaci\u00f3n\t\t\t<\/a>\n\t\t<\/h3>\n\t\t\t\t<\/div>\n\t\t\t\t\t<\/div>\n\t\t<\/article>\n\t\t\t\t<article class=\"elementor-post elementor-grid-item post-202 post type-post status-publish format-standard has-post-thumbnail hentry category-news-media category-publications\">\n\t\t\t<div class=\"elementor-post__card\">\n\t\t\t\t<a class=\"elementor-post__thumbnail__link\" href=\"https:\/\/bristellaircrafttexas.com\/esp\/bristell-tdo-in-taildragger-form-the-superb-all-metal-sportsplane\/\" tabindex=\"-1\" ><div class=\"elementor-post__thumbnail\"><img decoding=\"async\" width=\"799\" height=\"1127\" src=\"https:\/\/bristellaircrafttexas.com\/wp-content\/uploads\/Proyecto-nuevo.webp\" class=\"attachment-full size-full wp-image-205\" alt=\"\" srcset=\"https:\/\/bristellaircrafttexas.com\/wp-content\/uploads\/Proyecto-nuevo.webp 799w, https:\/\/bristellaircrafttexas.com\/wp-content\/uploads\/Proyecto-nuevo-768x1083.webp 768w\" sizes=\"(max-width: 799px) 100vw, 799px\" \/><\/div><\/a>\n\t\t\t\t<div class=\"elementor-post__badge\">Noticias Y Medios<\/div>\n\t\t\t\t<div class=\"elementor-post__text\">\n\t\t\t\t<h3 class=\"elementor-post__title\">\n\t\t\t<a href=\"https:\/\/bristellaircrafttexas.com\/esp\/bristell-tdo-in-taildragger-form-the-superb-all-metal-sportsplane\/\" >\n\t\t\t\tBRISTELL TDO: En taildragger forma, el magn\u00edfico avi\u00f3n deportivo totalmente met\u00e1lico\t\t\t<\/a>\n\t\t<\/h3>\n\t\t\t\t<\/div>\n\t\t\t\t\t<\/div>\n\t\t<\/article>\n\t\t\t\t<article class=\"elementor-post elementor-grid-item post-196 post type-post status-publish format-standard has-post-thumbnail hentry category-news-media category-videos\">\n\t\t\t<div class=\"elementor-post__card\">\n\t\t\t\t<a class=\"elementor-post__thumbnail__link\" href=\"https:\/\/bristellaircrafttexas.com\/esp\/bristell-at-rotax-fly-in-2024\/\" tabindex=\"-1\" ><div class=\"elementor-post__thumbnail\"><img decoding=\"async\" width=\"1920\" height=\"800\" src=\"https:\/\/bristellaircrafttexas.com\/wp-content\/uploads\/bristell-blog-rotax-fly-in-2024-01.jpg\" class=\"attachment-full size-full wp-image-197\" alt=\"\" srcset=\"https:\/\/bristellaircrafttexas.com\/wp-content\/uploads\/bristell-blog-rotax-fly-in-2024-01.jpg 1920w, https:\/\/bristellaircrafttexas.com\/wp-content\/uploads\/bristell-blog-rotax-fly-in-2024-01-768x320.jpg 768w, https:\/\/bristellaircrafttexas.com\/wp-content\/uploads\/bristell-blog-rotax-fly-in-2024-01-1536x640.jpg 1536w\" sizes=\"(max-width: 1920px) 100vw, 1920px\" \/><\/div><\/a>\n\t\t\t\t<div class=\"elementor-post__badge\">Noticias Y Medios<\/div>\n\t\t\t\t<div class=\"elementor-post__text\">\n\t\t\t\t<h3 class=\"elementor-post__title\">\n\t\t\t<a href=\"https:\/\/bristellaircrafttexas.com\/esp\/bristell-at-rotax-fly-in-2024\/\" >\n\t\t\t\tBristell en el Rotax Fly-in 2024\t\t\t<\/a>\n\t\t<\/h3>\n\t\t\t\t<\/div>\n\t\t\t\t\t<\/div>\n\t\t<\/article>\n\t\t\t\t<article class=\"elementor-post elementor-grid-item post-185 post type-post status-publish format-standard has-post-thumbnail hentry category-news-media category-photogallery\">\n\t\t\t<div class=\"elementor-post__card\">\n\t\t\t\t<a class=\"elementor-post__thumbnail__link\" href=\"https:\/\/bristellaircrafttexas.com\/esp\/bristell-at-the-aero-friedrichshafen-2022\/\" tabindex=\"-1\" ><div class=\"elementor-post__thumbnail\"><img loading=\"lazy\" decoding=\"async\" width=\"1024\" height=\"684\" src=\"https:\/\/bristellaircrafttexas.com\/wp-content\/uploads\/brmaero2204300044us-1-1024x684-1.jpg\" class=\"attachment-full size-full wp-image-187\" alt=\"\" srcset=\"https:\/\/bristellaircrafttexas.com\/wp-content\/uploads\/brmaero2204300044us-1-1024x684-1.jpg 1024w, https:\/\/bristellaircrafttexas.com\/wp-content\/uploads\/brmaero2204300044us-1-1024x684-1-768x513.jpg 768w\" sizes=\"(max-width: 1024px) 100vw, 1024px\" \/><\/div><\/a>\n\t\t\t\t<div class=\"elementor-post__badge\">Noticias Y Medios<\/div>\n\t\t\t\t<div class=\"elementor-post__text\">\n\t\t\t\t<h3 class=\"elementor-post__title\">\n\t\t\t<a href=\"https:\/\/bristellaircrafttexas.com\/esp\/bristell-at-the-aero-friedrichshafen-2022\/\" >\n\t\t\t\tBRISTELL en el AERO Friedrichshafen 2022\t\t\t<\/a>\n\t\t<\/h3>\n\t\t\t\t<\/div>\n\t\t\t\t\t<\/div>\n\t\t<\/article>\n\t\t\t\t<\/div>\n\t\t\n\t\t\t\t\t\t<\/div>\n\t\t\t\t<\/div>\n\t\t\t\t<\/div>\n\t\t\t\t<\/div>","protected":false},"excerpt":{"rendered":"<p>Options BERINGER\u2122 bush wheels Land anywhere GARMIN G3X Touch\u2122 flight displays With autopilot Landing lights Visible at all times Adjustable propeller For optimal performance Towing<\/p>","protected":false},"author":1,"featured_media":0,"parent":0,"menu_order":0,"comment_status":"closed","ping_status":"closed","template":"","meta":{"footnotes":""},"class_list":["post-610","page","type-page","status-publish","hentry"],"_links":{"self":[{"href":"https:\/\/bristellaircrafttexas.com\/esp\/wp-json\/wp\/v2\/pages\/610","targetHints":{"allow":["GET"]}}],"collection":[{"href":"https:\/\/bristellaircrafttexas.com\/esp\/wp-json\/wp\/v2\/pages"}],"about":[{"href":"https:\/\/bristellaircrafttexas.com\/esp\/wp-json\/wp\/v2\/types\/page"}],"author":[{"embeddable":true,"href":"https:\/\/bristellaircrafttexas.com\/esp\/wp-json\/wp\/v2\/users\/1"}],"replies":[{"embeddable":true,"href":"https:\/\/bristellaircrafttexas.com\/esp\/wp-json\/wp\/v2\/comments?post=610"}],"version-history":[{"count":10,"href":"https:\/\/bristellaircrafttexas.com\/esp\/wp-json\/wp\/v2\/pages\/610\/revisions"}],"predecessor-version":[{"id":813,"href":"https:\/\/bristellaircrafttexas.com\/esp\/wp-json\/wp\/v2\/pages\/610\/revisions\/813"}],"wp:attachment":[{"href":"https:\/\/bristellaircrafttexas.com\/esp\/wp-json\/wp\/v2\/media?parent=610"}],"curies":[{"name":"wp","href":"https:\/\/api.w.org\/{rel}","templated":true}]}}