{"id":513,"date":"2025-03-13T14:28:34","date_gmt":"2025-03-13T20:28:34","guid":{"rendered":"https:\/\/bristellaircrafttexas.com\/?page_id=513"},"modified":"2025-03-13T17:35:37","modified_gmt":"2025-03-13T23:35:37","slug":"bristell-rg","status":"publish","type":"page","link":"https:\/\/bristellaircrafttexas.com\/esp\/bristell-rg\/","title":{"rendered":"BRISTELL RG"},"content":{"rendered":"<div data-elementor-type=\"wp-page\" data-elementor-id=\"513\" class=\"elementor elementor-513\" data-elementor-post-type=\"page\">\n\t\t\t\t<div class=\"elementor-element elementor-element-7b39221 e-flex e-con-boxed e-con e-parent\" data-id=\"7b39221\" data-element_type=\"container\" data-settings=\"{&quot;background_background&quot;:&quot;classic&quot;}\">\n\t\t\t\t\t<div class=\"e-con-inner\">\n\t\t\t\t<div class=\"elementor-element elementor-element-bdbc85a elementor-widget elementor-widget-heading\" data-id=\"bdbc85a\" data-element_type=\"widget\" data-widget_type=\"heading.default\">\n\t\t\t\t<div class=\"elementor-widget-container\">\n\t\t\t\t\t<h1 class=\"elementor-heading-title elementor-size-default\">BRISTELL RG<\/h1>\t\t\t\t<\/div>\n\t\t\t\t<\/div>\n\t\t\t\t\t<\/div>\n\t\t\t\t<\/div>\n\t\t<div class=\"elementor-element elementor-element-93cd9be e-flex e-con-boxed e-con e-parent\" data-id=\"93cd9be\" data-element_type=\"container\" data-settings=\"{&quot;background_background&quot;:&quot;classic&quot;}\">\n\t\t\t\t\t<div class=\"e-con-inner\">\n\t\t<div class=\"elementor-element elementor-element-22bdd8f e-con-full e-flex e-con e-child\" data-id=\"22bdd8f\" data-element_type=\"container\" data-settings=\"{&quot;background_background&quot;:&quot;classic&quot;}\">\n\t\t\t\t<div class=\"elementor-element elementor-element-0f75dbc elementor-widget elementor-widget-heading\" data-id=\"0f75dbc\" data-element_type=\"widget\" data-widget_type=\"heading.default\">\n\t\t\t\t<div class=\"elementor-widget-container\">\n\t\t\t\t\t<h3 class=\"elementor-heading-title elementor-size-default\">RG para vuelos largos de traves\u00eda\n<\/h3>\t\t\t\t<\/div>\n\t\t\t\t<\/div>\n\t\t\t\t<div class=\"elementor-element elementor-element-f99001a elementor-widget elementor-widget-text-editor\" data-id=\"f99001a\" data-element_type=\"widget\" data-widget_type=\"text-editor.default\">\n\t\t\t\t<div class=\"elementor-widget-container\">\n\t\t\t\t\t\t\t\t\t<div class=\"thrv_wrapper thrv-page-section tve-height-update\" data-inherit-lp-settings=\"1\"><div class=\"tve-page-section-in\" data-css=\"tve-u-19503cf929e\"><div class=\"thrv_wrapper thrv-columns\"><div class=\"tcb-flex-row v-2 tcb-medium-wrap tcb--cols--2 tcb-resized\" data-css=\"tve-u-67a34becae6a51\"><div class=\"tcb-flex-col\" data-css=\"tve-u-19503cf2a95\"><div class=\"tcb-col\" data-css=\"tve-u-67a34becae6b72\"><div class=\"thrv_wrapper thrv_contentbox_shortcode thrv-content-box tve-elem-default-pad\" data-css=\"tve-u-67a34becae6b98\"><div class=\"tve-cb\"><div class=\"thrv_wrapper thrv_text_element\" data-css=\"tve-u-67a34becae6c06\"><div class=\"tcb-flex-col\" data-css=\"tve-u-608f91ca48cff4\"><div class=\"tcb-col\" data-css=\"tve-u-608f91ca48d040\"><div class=\"thrv_wrapper thrv_text_element\" data-css=\"tve-u-608f91ca48d129\"><p data-css=\"tve-u-608f91ca48d161\">El BRISTELL RG versi\u00f3n tiene un tren retr\u00e1ctil, lo que la hace ideal como avi\u00f3n de entrenamiento avanzado y econ\u00f3mico vuelos a campo traviesa. Gracias a la combinaci\u00f3n de un buen dise\u00f1o ergon\u00f3mico y la cabina m\u00e1s grande en su categor\u00eda, este avi\u00f3n es tambi\u00e9n una opci\u00f3n ideal para largos vuelos a campo traviesa.<br \/><br \/>En la configuraci\u00f3n est\u00e1ndar, el BRISTELL RG est\u00e1 equipado con alta resistencia de largueros del ala, haciendo cross-country vuelos mucho m\u00e1s seguro en condiciones clim\u00e1ticas extremas.<\/p><\/div><\/div><\/div><\/div><\/div><\/div><\/div><\/div><\/div><\/div><\/div><\/div>\t\t\t\t\t\t\t\t<\/div>\n\t\t\t\t<\/div>\n\t\t\t\t<\/div>\n\t\t<div class=\"elementor-element elementor-element-cc18247 e-con-full e-flex e-con e-child\" data-id=\"cc18247\" data-element_type=\"container\">\n\t\t\t\t<div class=\"elementor-element elementor-element-0a7fedf elementor-widget elementor-widget-video\" data-id=\"0a7fedf\" data-element_type=\"widget\" data-settings=\"{&quot;youtube_url&quot;:&quot;https:\\\/\\\/www.youtube.com\\\/watch?v=9Vql7Vme01g&quot;,&quot;video_type&quot;:&quot;youtube&quot;,&quot;controls&quot;:&quot;yes&quot;}\" data-widget_type=\"video.default\">\n\t\t\t\t<div class=\"elementor-widget-container\">\n\t\t\t\t\t\t\t<div class=\"elementor-wrapper elementor-open-inline\">\n\t\t\t<div class=\"elementor-video\"><\/div>\t\t<\/div>\n\t\t\t\t\t\t<\/div>\n\t\t\t\t<\/div>\n\t\t\t\t<\/div>\n\t\t\t\t\t<\/div>\n\t\t\t\t<\/div>\n\t\t<div class=\"elementor-element elementor-element-4bd1b54 e-flex e-con-boxed e-con e-parent\" data-id=\"4bd1b54\" data-element_type=\"container\" data-settings=\"{&quot;background_background&quot;:&quot;classic&quot;}\">\n\t\t\t\t\t<div class=\"e-con-inner\">\n\t\t<div class=\"elementor-element elementor-element-c371bd3 e-con-full e-flex e-con e-child\" data-id=\"c371bd3\" data-element_type=\"container\">\n\t\t\t\t<div class=\"elementor-element elementor-element-9320523 elementor-widget elementor-widget-heading\" data-id=\"9320523\" data-element_type=\"widget\" data-widget_type=\"heading.default\">\n\t\t\t\t<div class=\"elementor-widget-container\">\n\t\t\t\t\t<h3 class=\"elementor-heading-title elementor-size-default\">BRISTELL DISE\u00d1O\n<\/h3>\t\t\t\t<\/div>\n\t\t\t\t<\/div>\n\t\t\t\t<div class=\"elementor-element elementor-element-6a4e267 elementor-widget elementor-widget-text-editor\" data-id=\"6a4e267\" data-element_type=\"widget\" data-widget_type=\"text-editor.default\">\n\t\t\t\t<div class=\"elementor-widget-container\">\n\t\t\t\t\t\t\t\t\t<div class=\"thrv_wrapper thrv_text_element\" data-css=\"tve-u-175b2fba240\"><div class=\"thrv_wrapper thrv-page-section tve-height-update\" data-css=\"tve-u-175b314f7d2\"><div class=\"tve-page-section-in tve_empty_dropzone\" data-css=\"tve-u-175b314e7c5\"><div class=\"thrv_wrapper thrv-columns\"><div class=\"tcb-flex-row v-2 tcb--cols--2 tcb-medium-wrap\" data-css=\"tve-u-175b3156e0a\"><div class=\"tcb-flex-col\" data-css=\"tve-u-1782115763b\"><div class=\"tcb-col\" data-css=\"tve-u-175b31666e1\"><div class=\"thrv_wrapper thrv_contentbox_shortcode thrv-content-box tve-elem-default-pad\" data-css=\"tve-u-175b3181b5a\"><div class=\"tve-cb\"><div class=\"thrv_wrapper thrv_text_element\" data-css=\"tve-u-178349634a5\"><div class=\"tcb-clear\" data-css=\"tve-u-180aded130e\"><div class=\"thrv_wrapper thrv_text_element\" data-css=\"tve-u-180aded1311\"><div class=\"thrv_wrapper thrv_text_element\" data-css=\"tve-u-67af44acb740b7\"><div class=\"thrv_wrapper thrv_text_element\" data-css=\"tve-u-17c78c393f1\"><p>Dar a su plano de una personalidad. Elija el dise\u00f1o que te encantar\u00e1.<\/p><\/div><\/div><\/div><\/div><\/div><\/div><\/div><\/div><\/div><\/div><\/div><\/div><\/div><\/div>\t\t\t\t\t\t\t\t<\/div>\n\t\t\t\t<\/div>\n\t\t\t\t<div class=\"elementor-element elementor-element-94c008d elementor-widget elementor-widget-button\" data-id=\"94c008d\" data-element_type=\"widget\" data-widget_type=\"button.default\">\n\t\t\t\t<div class=\"elementor-widget-container\">\n\t\t\t\t\t\t\t\t\t<div class=\"elementor-button-wrapper\">\n\t\t\t\t\t<a class=\"elementor-button elementor-button-link elementor-size-sm\" href=\"https:\/\/bristellaircrafttexas.com\/esp\/airplane-design\/\">\n\t\t\t\t\t\t<span class=\"elementor-button-content-wrapper\">\n\t\t\t\t\t\t\t\t\t<span class=\"elementor-button-text\">IR A BRISTELL DISE\u00d1O<\/span>\n\t\t\t\t\t<\/span>\n\t\t\t\t\t<\/a>\n\t\t\t\t<\/div>\n\t\t\t\t\t\t\t\t<\/div>\n\t\t\t\t<\/div>\n\t\t\t\t<\/div>\n\t\t<div class=\"elementor-element elementor-element-9b9582c e-con-full e-flex e-con e-child\" data-id=\"9b9582c\" data-element_type=\"container\">\n\t\t\t\t<\/div>\n\t\t\t\t\t<\/div>\n\t\t\t\t<\/div>\n\t\t<div class=\"elementor-element elementor-element-c7e2511 e-flex e-con-boxed e-con e-parent\" data-id=\"c7e2511\" data-element_type=\"container\">\n\t\t\t\t\t<div class=\"e-con-inner\">\n\t\t\t\t<div class=\"elementor-element elementor-element-32e2ae8 elementor-widget elementor-widget-heading\" data-id=\"32e2ae8\" data-element_type=\"widget\" data-widget_type=\"heading.default\">\n\t\t\t\t<div class=\"elementor-widget-container\">\n\t\t\t\t\t<h3 class=\"elementor-heading-title elementor-size-default\">BRISTELL RG Fotogaler\u00eda\n<\/h3>\t\t\t\t<\/div>\n\t\t\t\t<\/div>\n\t\t\t\t<div class=\"elementor-element elementor-element-3dfd739 elementor-widget elementor-widget-gallery\" data-id=\"3dfd739\" data-element_type=\"widget\" data-settings=\"{&quot;gallery_layout&quot;:&quot;masonry&quot;,&quot;columns&quot;:2,&quot;columns_mobile&quot;:2,&quot;gap&quot;:{&quot;unit&quot;:&quot;px&quot;,&quot;size&quot;:1,&quot;sizes&quot;:[]},&quot;gap_mobile&quot;:{&quot;unit&quot;:&quot;px&quot;,&quot;size&quot;:1,&quot;sizes&quot;:[]},&quot;lazyload&quot;:&quot;yes&quot;,&quot;columns_tablet&quot;:2,&quot;gap_tablet&quot;:{&quot;unit&quot;:&quot;px&quot;,&quot;size&quot;:10,&quot;sizes&quot;:[]},&quot;link_to&quot;:&quot;file&quot;,&quot;content_hover_animation&quot;:&quot;fade-in&quot;}\" data-widget_type=\"gallery.default\">\n\t\t\t\t<div class=\"elementor-widget-container\">\n\t\t\t\t\t\t\t<div class=\"elementor-gallery__container\">\n\t\t\t\t\t\t\t<a class=\"e-gallery-item elementor-gallery-item elementor-animated-content\" href=\"https:\/\/bristellaircrafttexas.com\/wp-content\/uploads\/brmaero1305040067us-tb.jpg\" data-elementor-open-lightbox=\"yes\" data-elementor-lightbox-slideshow=\"3dfd739\" data-elementor-lightbox-title=\"brmaero1305040067us-tb\" data-e-action-hash=\"#elementor-action%3Aaction%3Dlightbox%26settings%3DeyJpZCI6NTE1LCJ1cmwiOiJodHRwczpcL1wvYnJpc3RlbGxhaXJjcmFmdHRleGFzLmNvbVwvd3AtY29udGVudFwvdXBsb2Fkc1wvYnJtYWVybzEzMDUwNDAwNjd1cy10Yi5qcGciLCJzbGlkZXNob3ciOiIzZGZkNzM5In0%3D\">\n\t\t\t\t\t<div class=\"e-gallery-image elementor-gallery-item__image\" data-thumbnail=\"https:\/\/bristellaircrafttexas.com\/wp-content\/uploads\/brmaero1305040067us-tb.jpg\" data-width=\"830\" data-height=\"553\" aria-label=\"\" role=\"img\" ><\/div>\n\t\t\t\t\t\t\t\t\t\t\t\t\t\t<\/a>\n\t\t\t\t\t\t\t<a class=\"e-gallery-item elementor-gallery-item elementor-animated-content\" href=\"https:\/\/bristellaircrafttexas.com\/wp-content\/uploads\/brmaero1305220177us-tb.jpg\" data-elementor-open-lightbox=\"yes\" data-elementor-lightbox-slideshow=\"3dfd739\" data-elementor-lightbox-title=\"brmaero1305220177us-tb\" data-e-action-hash=\"#elementor-action%3Aaction%3Dlightbox%26settings%3DeyJpZCI6NTE2LCJ1cmwiOiJodHRwczpcL1wvYnJpc3RlbGxhaXJjcmFmdHRleGFzLmNvbVwvd3AtY29udGVudFwvdXBsb2Fkc1wvYnJtYWVybzEzMDUyMjAxNzd1cy10Yi5qcGciLCJzbGlkZXNob3ciOiIzZGZkNzM5In0%3D\">\n\t\t\t\t\t<div class=\"e-gallery-image elementor-gallery-item__image\" data-thumbnail=\"https:\/\/bristellaircrafttexas.com\/wp-content\/uploads\/brmaero1305220177us-tb.jpg\" data-width=\"830\" data-height=\"553\" aria-label=\"\" role=\"img\" ><\/div>\n\t\t\t\t\t\t\t\t\t\t\t\t\t\t<\/a>\n\t\t\t\t\t\t\t<a class=\"e-gallery-item elementor-gallery-item elementor-animated-content\" href=\"https:\/\/bristellaircrafttexas.com\/wp-content\/uploads\/brmaero1407070136us-tb.jpg\" data-elementor-open-lightbox=\"yes\" data-elementor-lightbox-slideshow=\"3dfd739\" data-elementor-lightbox-title=\"brmaero1407070136us-tb\" data-e-action-hash=\"#elementor-action%3Aaction%3Dlightbox%26settings%3DeyJpZCI6NTE3LCJ1cmwiOiJodHRwczpcL1wvYnJpc3RlbGxhaXJjcmFmdHRleGFzLmNvbVwvd3AtY29udGVudFwvdXBsb2Fkc1wvYnJtYWVybzE0MDcwNzAxMzZ1cy10Yi5qcGciLCJzbGlkZXNob3ciOiIzZGZkNzM5In0%3D\">\n\t\t\t\t\t<div class=\"e-gallery-image elementor-gallery-item__image\" data-thumbnail=\"https:\/\/bristellaircrafttexas.com\/wp-content\/uploads\/brmaero1407070136us-tb.jpg\" data-width=\"830\" data-height=\"553\" aria-label=\"\" role=\"img\" ><\/div>\n\t\t\t\t\t\t\t\t\t\t\t\t\t\t<\/a>\n\t\t\t\t\t\t\t<a class=\"e-gallery-item elementor-gallery-item elementor-animated-content\" href=\"https:\/\/bristellaircrafttexas.com\/wp-content\/uploads\/brmaero1407070273us-tb.jpg\" data-elementor-open-lightbox=\"yes\" data-elementor-lightbox-slideshow=\"3dfd739\" data-elementor-lightbox-title=\"brmaero1407070273us-tb\" data-e-action-hash=\"#elementor-action%3Aaction%3Dlightbox%26settings%3DeyJpZCI6NTE4LCJ1cmwiOiJodHRwczpcL1wvYnJpc3RlbGxhaXJjcmFmdHRleGFzLmNvbVwvd3AtY29udGVudFwvdXBsb2Fkc1wvYnJtYWVybzE0MDcwNzAyNzN1cy10Yi5qcGciLCJzbGlkZXNob3ciOiIzZGZkNzM5In0%3D\">\n\t\t\t\t\t<div class=\"e-gallery-image elementor-gallery-item__image\" data-thumbnail=\"https:\/\/bristellaircrafttexas.com\/wp-content\/uploads\/brmaero1407070273us-tb.jpg\" data-width=\"830\" data-height=\"553\" aria-label=\"\" role=\"img\" ><\/div>\n\t\t\t\t\t\t\t\t\t\t\t\t\t\t<\/a>\n\t\t\t\t\t\t\t<a class=\"e-gallery-item elementor-gallery-item elementor-animated-content\" href=\"https:\/\/bristellaircrafttexas.com\/wp-content\/uploads\/brmaero1412170003us-tb.jpg\" data-elementor-open-lightbox=\"yes\" data-elementor-lightbox-slideshow=\"3dfd739\" data-elementor-lightbox-title=\"brmaero1412170003us-tb\" data-e-action-hash=\"#elementor-action%3Aaction%3Dlightbox%26settings%3DeyJpZCI6NTE5LCJ1cmwiOiJodHRwczpcL1wvYnJpc3RlbGxhaXJjcmFmdHRleGFzLmNvbVwvd3AtY29udGVudFwvdXBsb2Fkc1wvYnJtYWVybzE0MTIxNzAwMDN1cy10Yi5qcGciLCJzbGlkZXNob3ciOiIzZGZkNzM5In0%3D\">\n\t\t\t\t\t<div class=\"e-gallery-image elementor-gallery-item__image\" data-thumbnail=\"https:\/\/bristellaircrafttexas.com\/wp-content\/uploads\/brmaero1412170003us-tb.jpg\" data-width=\"830\" data-height=\"553\" aria-label=\"\" role=\"img\" ><\/div>\n\t\t\t\t\t\t\t\t\t\t\t\t\t\t<\/a>\n\t\t\t\t\t\t\t<a class=\"e-gallery-item elementor-gallery-item elementor-animated-content\" href=\"https:\/\/bristellaircrafttexas.com\/wp-content\/uploads\/brmaero2103260002us-tb.jpg\" data-elementor-open-lightbox=\"yes\" data-elementor-lightbox-slideshow=\"3dfd739\" data-elementor-lightbox-title=\"brmaero2103260002us-tb\" data-e-action-hash=\"#elementor-action%3Aaction%3Dlightbox%26settings%3DeyJpZCI6NTIwLCJ1cmwiOiJodHRwczpcL1wvYnJpc3RlbGxhaXJjcmFmdHRleGFzLmNvbVwvd3AtY29udGVudFwvdXBsb2Fkc1wvYnJtYWVybzIxMDMyNjAwMDJ1cy10Yi5qcGciLCJzbGlkZXNob3ciOiIzZGZkNzM5In0%3D\">\n\t\t\t\t\t<div class=\"e-gallery-image elementor-gallery-item__image\" data-thumbnail=\"https:\/\/bristellaircrafttexas.com\/wp-content\/uploads\/brmaero2103260002us-tb.jpg\" data-width=\"830\" data-height=\"553\" aria-label=\"\" role=\"img\" ><\/div>\n\t\t\t\t\t\t\t\t\t\t\t\t\t\t<\/a>\n\t\t\t\t\t<\/div>\n\t\t\t\t\t<\/div>\n\t\t\t\t<\/div>\n\t\t\t\t\t<\/div>\n\t\t\t\t<\/div>\n\t\t<div class=\"elementor-element elementor-element-0225bf3 e-flex e-con-boxed e-con e-parent\" data-id=\"0225bf3\" data-element_type=\"container\" data-settings=\"{&quot;background_background&quot;:&quot;classic&quot;}\">\n\t\t\t\t\t<div class=\"e-con-inner\">\n\t\t<div class=\"elementor-element elementor-element-65fed63 e-con-full e-flex e-con e-child\" data-id=\"65fed63\" data-element_type=\"container\">\n\t\t\t\t<div class=\"elementor-element elementor-element-3705a4a elementor-widget elementor-widget-heading\" data-id=\"3705a4a\" data-element_type=\"widget\" data-widget_type=\"heading.default\">\n\t\t\t\t<div class=\"elementor-widget-container\">\n\t\t\t\t\t<h3 class=\"elementor-heading-title elementor-size-default\">DESCARGAR FOLLETO DE AVIONES BRISTELL\n<\/h3>\t\t\t\t<\/div>\n\t\t\t\t<\/div>\n\t\t\t\t<div class=\"elementor-element elementor-element-6973287 elementor-align-center elementor-widget elementor-widget-button\" data-id=\"6973287\" data-element_type=\"widget\" data-widget_type=\"button.default\">\n\t\t\t\t<div class=\"elementor-widget-container\">\n\t\t\t\t\t\t\t\t\t<div class=\"elementor-button-wrapper\">\n\t\t\t\t\t<a class=\"elementor-button elementor-button-link elementor-size-sm\" href=\"https:\/\/www.bristell.com\/wp-content\/uploads\/2024\/05\/bristell_brochure_240410_display.pdf\" target=\"_blank\">\n\t\t\t\t\t\t<span class=\"elementor-button-content-wrapper\">\n\t\t\t\t\t\t\t\t\t<span class=\"elementor-button-text\">DESCARGAR FOLLETO (PDF 2.5 MB)<\/span>\n\t\t\t\t\t<\/span>\n\t\t\t\t\t<\/a>\n\t\t\t\t<\/div>\n\t\t\t\t\t\t\t\t<\/div>\n\t\t\t\t<\/div>\n\t\t\t\t<\/div>\n\t\t\t\t\t<\/div>\n\t\t\t\t<\/div>\n\t\t<div class=\"elementor-element elementor-element-532ed61 e-con-full e-flex e-con e-parent\" data-id=\"532ed61\" data-element_type=\"container\">\n\t\t\t\t<div class=\"elementor-element elementor-element-a1fc7b8 elementor-widget elementor-widget-heading\" data-id=\"a1fc7b8\" data-element_type=\"widget\" data-widget_type=\"heading.default\">\n\t\t\t\t<div class=\"elementor-widget-container\">\n\t\t\t\t\t<h3 class=\"elementor-heading-title elementor-size-default\">\u00daLTIMAS NOTICIAS DE BRISTELL\n<\/h3>\t\t\t\t<\/div>\n\t\t\t\t<\/div>\n\t\t\t\t<div class=\"elementor-element elementor-element-4329616 elementor-grid-4 elementor-posts--align-center elementor-grid-tablet-2 elementor-grid-mobile-1 elementor-posts--thumbnail-top elementor-card-shadow-yes elementor-posts__hover-gradient elementor-widget elementor-widget-posts\" data-id=\"4329616\" data-element_type=\"widget\" data-settings=\"{&quot;cards_columns&quot;:&quot;4&quot;,&quot;cards_columns_tablet&quot;:&quot;2&quot;,&quot;cards_columns_mobile&quot;:&quot;1&quot;,&quot;cards_row_gap&quot;:{&quot;unit&quot;:&quot;px&quot;,&quot;size&quot;:35,&quot;sizes&quot;:[]},&quot;cards_row_gap_tablet&quot;:{&quot;unit&quot;:&quot;px&quot;,&quot;size&quot;:&quot;&quot;,&quot;sizes&quot;:[]},&quot;cards_row_gap_mobile&quot;:{&quot;unit&quot;:&quot;px&quot;,&quot;size&quot;:&quot;&quot;,&quot;sizes&quot;:[]}}\" data-widget_type=\"posts.cards\">\n\t\t\t\t<div class=\"elementor-widget-container\">\n\t\t\t\t\t\t\t<div class=\"elementor-posts-container elementor-posts elementor-posts--skin-cards elementor-grid\">\n\t\t\t\t<article class=\"elementor-post elementor-grid-item post-127 post type-post status-publish format-standard has-post-thumbnail hentry category-news category-news-media\">\n\t\t\t<div class=\"elementor-post__card\">\n\t\t\t\t<a class=\"elementor-post__thumbnail__link\" href=\"https:\/\/bristellaircrafttexas.com\/esp\/bristell-b23-912-is-shaping-the-future-of-general-aviation-with-efficiency-and-innovation\/\" tabindex=\"-1\" ><div class=\"elementor-post__thumbnail\"><img fetchpriority=\"high\" decoding=\"async\" width=\"1200\" height=\"800\" src=\"https:\/\/bristellaircrafttexas.com\/wp-content\/uploads\/2025\/03\/bristell-250218-b23-912is-06.jpg\" class=\"attachment-full size-full wp-image-133\" alt=\"\" srcset=\"https:\/\/bristellaircrafttexas.com\/wp-content\/uploads\/2025\/03\/bristell-250218-b23-912is-06.jpg 1200w, https:\/\/bristellaircrafttexas.com\/wp-content\/uploads\/2025\/03\/bristell-250218-b23-912is-06-300x200.jpg 300w, https:\/\/bristellaircrafttexas.com\/wp-content\/uploads\/2025\/03\/bristell-250218-b23-912is-06-1024x683.jpg 1024w, https:\/\/bristellaircrafttexas.com\/wp-content\/uploads\/2025\/03\/bristell-250218-b23-912is-06-768x512.jpg 768w\" sizes=\"(max-width: 1200px) 100vw, 1200px\" \/><\/div><\/a>\n\t\t\t\t<div class=\"elementor-post__badge\">Noticias<\/div>\n\t\t\t\t<div class=\"elementor-post__text\">\n\t\t\t\t<h3 class=\"elementor-post__title\">\n\t\t\t<a href=\"https:\/\/bristellaircrafttexas.com\/esp\/bristell-b23-912-is-shaping-the-future-of-general-aviation-with-efficiency-and-innovation\/\" >\n\t\t\t\tBristell B23-912 is: dando forma al Futuro de la Aviaci\u00f3n General con la Eficiencia y la Innovaci\u00f3n\t\t\t<\/a>\n\t\t<\/h3>\n\t\t\t\t<\/div>\n\t\t\t\t\t<\/div>\n\t\t<\/article>\n\t\t\t\t<article class=\"elementor-post elementor-grid-item post-202 post type-post status-publish format-standard has-post-thumbnail hentry category-news-media category-publications\">\n\t\t\t<div class=\"elementor-post__card\">\n\t\t\t\t<a class=\"elementor-post__thumbnail__link\" href=\"https:\/\/bristellaircrafttexas.com\/esp\/bristell-tdo-in-taildragger-form-the-superb-all-metal-sportsplane\/\" tabindex=\"-1\" ><div class=\"elementor-post__thumbnail\"><img decoding=\"async\" width=\"799\" height=\"1127\" src=\"https:\/\/bristellaircrafttexas.com\/wp-content\/uploads\/Proyecto-nuevo.webp\" class=\"attachment-full size-full wp-image-205\" alt=\"\" srcset=\"https:\/\/bristellaircrafttexas.com\/wp-content\/uploads\/Proyecto-nuevo.webp 799w, https:\/\/bristellaircrafttexas.com\/wp-content\/uploads\/Proyecto-nuevo-768x1083.webp 768w\" sizes=\"(max-width: 799px) 100vw, 799px\" \/><\/div><\/a>\n\t\t\t\t<div class=\"elementor-post__badge\">Noticias Y Medios<\/div>\n\t\t\t\t<div class=\"elementor-post__text\">\n\t\t\t\t<h3 class=\"elementor-post__title\">\n\t\t\t<a href=\"https:\/\/bristellaircrafttexas.com\/esp\/bristell-tdo-in-taildragger-form-the-superb-all-metal-sportsplane\/\" >\n\t\t\t\tBRISTELL TDO: En taildragger forma, el magn\u00edfico avi\u00f3n deportivo totalmente met\u00e1lico\t\t\t<\/a>\n\t\t<\/h3>\n\t\t\t\t<\/div>\n\t\t\t\t\t<\/div>\n\t\t<\/article>\n\t\t\t\t<article class=\"elementor-post elementor-grid-item post-196 post type-post status-publish format-standard has-post-thumbnail hentry category-news-media category-videos\">\n\t\t\t<div class=\"elementor-post__card\">\n\t\t\t\t<a class=\"elementor-post__thumbnail__link\" href=\"https:\/\/bristellaircrafttexas.com\/esp\/bristell-at-rotax-fly-in-2024\/\" tabindex=\"-1\" ><div class=\"elementor-post__thumbnail\"><img decoding=\"async\" width=\"1920\" height=\"800\" src=\"https:\/\/bristellaircrafttexas.com\/wp-content\/uploads\/bristell-blog-rotax-fly-in-2024-01.jpg\" class=\"attachment-full size-full wp-image-197\" alt=\"\" srcset=\"https:\/\/bristellaircrafttexas.com\/wp-content\/uploads\/bristell-blog-rotax-fly-in-2024-01.jpg 1920w, https:\/\/bristellaircrafttexas.com\/wp-content\/uploads\/bristell-blog-rotax-fly-in-2024-01-768x320.jpg 768w, https:\/\/bristellaircrafttexas.com\/wp-content\/uploads\/bristell-blog-rotax-fly-in-2024-01-1536x640.jpg 1536w\" sizes=\"(max-width: 1920px) 100vw, 1920px\" \/><\/div><\/a>\n\t\t\t\t<div class=\"elementor-post__badge\">Noticias Y Medios<\/div>\n\t\t\t\t<div class=\"elementor-post__text\">\n\t\t\t\t<h3 class=\"elementor-post__title\">\n\t\t\t<a href=\"https:\/\/bristellaircrafttexas.com\/esp\/bristell-at-rotax-fly-in-2024\/\" >\n\t\t\t\tBristell en el Rotax Fly-in 2024\t\t\t<\/a>\n\t\t<\/h3>\n\t\t\t\t<\/div>\n\t\t\t\t\t<\/div>\n\t\t<\/article>\n\t\t\t\t<article class=\"elementor-post elementor-grid-item post-185 post type-post status-publish format-standard has-post-thumbnail hentry category-news-media category-photogallery\">\n\t\t\t<div class=\"elementor-post__card\">\n\t\t\t\t<a class=\"elementor-post__thumbnail__link\" href=\"https:\/\/bristellaircrafttexas.com\/esp\/bristell-at-the-aero-friedrichshafen-2022\/\" tabindex=\"-1\" ><div class=\"elementor-post__thumbnail\"><img loading=\"lazy\" decoding=\"async\" width=\"1024\" height=\"684\" src=\"https:\/\/bristellaircrafttexas.com\/wp-content\/uploads\/brmaero2204300044us-1-1024x684-1.jpg\" class=\"attachment-full size-full wp-image-187\" alt=\"\" srcset=\"https:\/\/bristellaircrafttexas.com\/wp-content\/uploads\/brmaero2204300044us-1-1024x684-1.jpg 1024w, https:\/\/bristellaircrafttexas.com\/wp-content\/uploads\/brmaero2204300044us-1-1024x684-1-768x513.jpg 768w\" sizes=\"(max-width: 1024px) 100vw, 1024px\" \/><\/div><\/a>\n\t\t\t\t<div class=\"elementor-post__badge\">Noticias Y Medios<\/div>\n\t\t\t\t<div class=\"elementor-post__text\">\n\t\t\t\t<h3 class=\"elementor-post__title\">\n\t\t\t<a href=\"https:\/\/bristellaircrafttexas.com\/esp\/bristell-at-the-aero-friedrichshafen-2022\/\" >\n\t\t\t\tBRISTELL en el AERO Friedrichshafen 2022\t\t\t<\/a>\n\t\t<\/h3>\n\t\t\t\t<\/div>\n\t\t\t\t\t<\/div>\n\t\t<\/article>\n\t\t\t\t<\/div>\n\t\t\n\t\t\t\t\t\t<\/div>\n\t\t\t\t<\/div>\n\t\t\t\t<\/div>\n\t\t\t\t<\/div>","protected":false},"excerpt":{"rendered":"<p>RG for long cross-country flights The BRISTELL RG version has a retractable undercarriage which makes it an ideal airplane for more advanced training and economical<\/p>","protected":false},"author":1,"featured_media":0,"parent":0,"menu_order":0,"comment_status":"closed","ping_status":"closed","template":"","meta":{"footnotes":""},"class_list":["post-513","page","type-page","status-publish","hentry"],"_links":{"self":[{"href":"https:\/\/bristellaircrafttexas.com\/esp\/wp-json\/wp\/v2\/pages\/513","targetHints":{"allow":["GET"]}}],"collection":[{"href":"https:\/\/bristellaircrafttexas.com\/esp\/wp-json\/wp\/v2\/pages"}],"about":[{"href":"https:\/\/bristellaircrafttexas.com\/esp\/wp-json\/wp\/v2\/types\/page"}],"author":[{"embeddable":true,"href":"https:\/\/bristellaircrafttexas.com\/esp\/wp-json\/wp\/v2\/users\/1"}],"replies":[{"embeddable":true,"href":"https:\/\/bristellaircrafttexas.com\/esp\/wp-json\/wp\/v2\/comments?post=513"}],"version-history":[{"count":7,"href":"https:\/\/bristellaircrafttexas.com\/esp\/wp-json\/wp\/v2\/pages\/513\/revisions"}],"predecessor-version":[{"id":687,"href":"https:\/\/bristellaircrafttexas.com\/esp\/wp-json\/wp\/v2\/pages\/513\/revisions\/687"}],"wp:attachment":[{"href":"https:\/\/bristellaircrafttexas.com\/esp\/wp-json\/wp\/v2\/media?parent=513"}],"curies":[{"name":"wp","href":"https:\/\/api.w.org\/{rel}","templated":true}]}}